{"id":82,"date":"2020-06-03T20:55:10","date_gmt":"2020-06-03T17:55:10","guid":{"rendered":"https:\/\/celikyapisanayi.com\/hakkimizda\/"},"modified":"2025-07-30T23:19:20","modified_gmt":"2025-07-30T20:19:20","slug":"hakkimizda","status":"publish","type":"page","link":"https:\/\/celikyapisanayi.com\/?page_id=82","title":{"rendered":"Hakk\u0131m\u0131zda"},"content":{"rendered":"\n<figure class=\"wp-block-image size-large\"><img loading=\"lazy\" decoding=\"async\" width=\"1024\" height=\"576\" src=\"https:\/\/celikyapisanayi.com\/wp-content\/uploads\/2022\/11\/steel-house-varieties-150m2-8-1-1024x576.jpg\" alt=\"\" class=\"wp-image-504\" srcset=\"https:\/\/celikyapisanayi.com\/wp-content\/uploads\/2022\/11\/steel-house-varieties-150m2-8-1-1024x576.jpg 1024w, https:\/\/celikyapisanayi.com\/wp-content\/uploads\/2022\/11\/steel-house-varieties-150m2-8-1-300x169.jpg 300w, https:\/\/celikyapisanayi.com\/wp-content\/uploads\/2022\/11\/steel-house-varieties-150m2-8-1-768x432.jpg 768w, https:\/\/celikyapisanayi.com\/wp-content\/uploads\/2022\/11\/steel-house-varieties-150m2-8-1-1536x864.jpg 1536w, https:\/\/celikyapisanayi.com\/wp-content\/uploads\/2022\/11\/steel-house-varieties-150m2-8-1.jpg 1920w\" sizes=\"auto, (max-width: 1024px) 100vw, 1024px\" \/><\/figure>\n\n\n\n<div class=\"wp-block-columns is-layout-flex wp-container-core-columns-is-layout-9d6595d7 wp-block-columns-is-layout-flex\">\n<div class=\"wp-block-column is-layout-flow wp-block-column-is-layout-flow\" style=\"flex-basis:100%\">\n<p><strong>N\u0130LKO HOME<\/strong><\/p>\n<\/div>\n<\/div>\n\n\n\n<p><strong>N\u0130LKO HOME<\/strong> Yap\u0131 \u00fcretim ve planlama i\u015flerinizde \u00a0hayalinizdeki evde ya\u015faman\u0131z\u0131 sa\u011flayan bir in\u015fa firmas\u0131d\u0131r. Y\u0131llard\u0131r \u00fcretim i\u015fi ile u\u011fra\u015fan firmam\u0131za, oturmak istedi\u011finiz ev ile alakal\u0131 bilgiler vererek bungalov ev, \u00e7elik ev, konteyner ev ve prefabrik ev format\u0131nda yap\u0131lara sahip olabilirsiniz. Uzman ekibimiz, istek ve ihtiya\u00e7lar\u0131n\u0131z do\u011frultusunda, size en uygun ev tipini sunacak ve onay vermeniz durumunda haz\u0131rl\u0131klara ba\u015flayacakt\u0131r.<\/p>\n\n\n\n<p>Hayal etti\u011finiz evleri ger\u00e7e\u011fe d\u00f6n\u00fc\u015ft\u00fcren <strong>N\u0130LKO HOME<\/strong> ne istedi\u011finize karar verme a\u015famas\u0131nda fikir edinebilmeniz m\u00fcmk\u00fcnd\u00fcr. Be\u011fendi\u011finiz model \u00fczerinden yetkili ekibimiz ile ileti\u015fime ge\u00e7erek eklemek ya da \u00e7\u0131kartmak istedi\u011finiz \u00f6zellikler hakk\u0131nda g\u00f6r\u00fc\u015fme sa\u011flayabilirsiniz.<\/p>\n\n\n\n<p><strong>N\u0130LKO HOME<\/strong> web adresimizin ana sayfas\u0131n\u0131n sa\u011f \u00fcst k\u00f6\u015fesinde bilgi alabilece\u011finiz telefon numaram\u0131z, mail adresimiz ve sosyal medya hesaplar\u0131m\u0131z bulunmaktad\u0131r. Ekibimiz taraf\u0131ndan yap\u0131lan in\u015falar a\u015fa\u011f\u0131da belirtilmektedir.<\/p>\n\n\n\n<div class=\"wp-block-columns is-layout-flex wp-container-core-columns-is-layout-9d6595d7 wp-block-columns-is-layout-flex\">\n<div class=\"wp-block-column is-layout-flow wp-block-column-is-layout-flow\">\n<div class=\"wp-block-safirtema-mainheading singleHeading mainHeading\"><div class=\"inner\"><div class=\"icon safiricon\"><svg class=\"safiricon-lamba\"><use href=\"#safiricon-lamba\"><\/use><\/svg><\/div><div class=\"text\">Misyonumuz<\/div><\/div><\/div>\n\n\n\n<p><strong>Nilko Home<\/strong> Yenilik\u00e7i, s\u00fcrd\u00fcr\u00fclebilir ve eri\u015filebilir ya\u015fam alanlar\u0131 sunarak insanlar\u0131n konforlu, g\u00fcvenli ve do\u011fayla uyumlu evlerde ya\u015famalar\u0131n\u0131 sa\u011flamak. Bungalov ev, \u00e7elik ev, konteyner ev ve prefabrik ev \u00e7\u00f6z\u00fcmlerimizle her ya\u015fam tarz\u0131na uygun estetik ve i\u015flevsel se\u00e7enekler sunmay\u0131 hedefliyoruz.<\/p>\n\n\n\n<p><\/p>\n\n\n\n<p><\/p>\n<\/div>\n\n\n\n<div class=\"wp-block-column is-layout-flow wp-block-column-is-layout-flow\">\n<div class=\"wp-block-safirtema-mainheading singleHeading mainHeading\"><div class=\"inner\"><div class=\"icon safiricon\"><svg class=\"safiricon-anlasma\"><use href=\"#safiricon-anlasma\"><\/use><\/svg><\/div><div class=\"text\">Vizyonumuz<\/div><\/div><\/div>\n\n\n\n<p> <strong>Nilko Home<\/strong> m\u00fchendislik anlay\u0131\u015f\u0131yla gelece\u011fin ya\u015fam bi\u00e7imlerini \u015fekillendiren \u00f6nc\u00fc bir marka olmak ve her bireyin konforlu, g\u00fcvenli ve do\u011fayla uyumlu ya\u015fam alanlar\u0131na eri\u015febilmesini sa\u011flamak.<\/p>\n\n\n\n<p><\/p>\n\n\n\n<p><\/p>\n<\/div>\n<\/div>\n","protected":false},"excerpt":{"rendered":"<p>N\u0130LKO HOME Yap\u0131 \u00fcretim ve planlama i\u015flerinizde \u00a0hayalinizdeki evde ya\u015faman\u0131z\u0131 sa\u011flayan bir in\u015fa firmas\u0131d\u0131r. Y\u0131llard\u0131r \u00fcretim i\u015fi ile u\u011fra\u015fan firmam\u0131za, oturmak istedi\u011finiz ev ile alakal\u0131 bilgiler vererek bungalov ev, \u00e7elik ev, konteyner ev ve prefabrik ev format\u0131nda yap\u0131lara sahip olabilirsiniz. Uzman ekibimiz, istek ve ihtiya\u00e7lar\u0131n\u0131z do\u011frultusunda, size en uygun ev tipini sunacak ve onay vermeniz [&hellip;]<\/p>\n","protected":false},"author":1,"featured_media":471,"parent":0,"menu_order":0,"comment_status":"closed","ping_status":"closed","template":"","meta":{"footnotes":""},"class_list":["post-82","page","type-page","status-publish","has-post-thumbnail","hentry"],"aioseo_notices":[],"_links":{"self":[{"href":"https:\/\/celikyapisanayi.com\/index.php?rest_route=\/wp\/v2\/pages\/82","targetHints":{"allow":["GET"]}}],"collection":[{"href":"https:\/\/celikyapisanayi.com\/index.php?rest_route=\/wp\/v2\/pages"}],"about":[{"href":"https:\/\/celikyapisanayi.com\/index.php?rest_route=\/wp\/v2\/types\/page"}],"author":[{"embeddable":true,"href":"https:\/\/celikyapisanayi.com\/index.php?rest_route=\/wp\/v2\/users\/1"}],"replies":[{"embeddable":true,"href":"https:\/\/celikyapisanayi.com\/index.php?rest_route=%2Fwp%2Fv2%2Fcomments&post=82"}],"version-history":[{"count":12,"href":"https:\/\/celikyapisanayi.com\/index.php?rest_route=\/wp\/v2\/pages\/82\/revisions"}],"predecessor-version":[{"id":555,"href":"https:\/\/celikyapisanayi.com\/index.php?rest_route=\/wp\/v2\/pages\/82\/revisions\/555"}],"wp:featuredmedia":[{"embeddable":true,"href":"https:\/\/celikyapisanayi.com\/index.php?rest_route=\/wp\/v2\/media\/471"}],"wp:attachment":[{"href":"https:\/\/celikyapisanayi.com\/index.php?rest_route=%2Fwp%2Fv2%2Fmedia&parent=82"}],"curies":[{"name":"wp","href":"https:\/\/api.w.org\/{rel}","templated":true}]}}